- -56)) + -6.
-86
3 + -48 - (-81 - -52 - -30)
-46
What is 64 + 4 - (-671 - -681 - (0 + -2))?
56
What is 95 + 1 - ((48 + -50 - 3) + 14 + 3)?
84
0 - -17 - (-54 + 91 + -22) - (65 - -1)
-64
What is the value of 28 - 0 - (128 + (-54 - -26))?
-72
Calculate (112 - 48) + -47 + -38.
-21
Calculate (-12 - (-53 + 40)) + -3 + 7.
5
What is the value of -36 + 5 - (-70 - -45 - -39)?
-45
What is 70 - (141 + -129 + 19)?
39
What is the value of 31 - (7 - -37) - 30?
-43
Evaluate -3 + (-2 - (-2 + 3) - (54 + -28)).
-32
(20 - (-2 - 30 - -23)) + -33
-4
What is 19 + (-13 + 21 + -32 - -20)?
15
What is the value of -132 + 301 + -110 + -6?
53
Evaluate -79 + 1 - (3675 + -3756).
3
What is (-1 - -12) + 117 + -165 + 67?
30
Calculate (-5 - -12) + 22 - (-24 - 52) - (1 - -1).
103
What is 123 - ((78 - 114) + 60)?
99
Evaluate 341 + -164 + -157 + (0 - -67).
87
What is -7 - -40 - (144 - 115) - (9 + (0 - 1))?
-4
Calculate (-4 + -5 - (-17 - (-13 + 20))) + -27.
-12
What is the value of 17 + (16 - 22 - 10 - -34) + -12?
23
What is the value of 23 + (33 + -1 - (0 + -17 + 7))?
65
Evaluate -37 + 54 + -77 - -151.
91
What is the value of -7 - (-116 - -105 - (-3 + (1 - 22)))?
-20
Evaluate 36 + (-15 + -2 - 24).
-5
Calculate 1 + -4 - (-202 - (-64 - 81)).
54
Evaluate 72 + (-56 - -128) + -117.
27
What is 3 + -31 + 36 + -13 + -20?
-25
What is the value of 36 + -238 + 98 - 25?
-129
What is the value of 10 - (-12 + 4) - 85 - -22?
-45
Calculate (-2 - (-8 + -1)) + (-15 - (17 - 31)) - -20.
26
What is -4 - (37 + -61 + -32)?
52
What is the value of 4 + -19 + 22 - (15 + (14 - 82))?
60
What is the value of 1 - 54 - -3 - (-2411 - -2390)?
-29
Calculate (17 - -2 - (57 + -4)) + (-13 - -4 - -3).
-40
What is 0 - (-12 + 0) - (103 + -52)?
-39
What is (8 - (-17 + 34)) + (69 + 10 - -6)?
76
Calculate 18 + (-3 - -38) - -6.
59
Evaluate 0 + 5 + (-11 - (5 - 19) - (23 - 1)).
-14
What is the value of (-16 - (9 + 3 + -5 - 32)) + 16?
25
What is 46 + (-4 - (-4 + 5 + 0) - (318 - 327))?
50
(21 - (-12 + (62 - -7))) + (1 - (2 + -1))
-36
-9 - (-129 + (-15 - (-1 + -12 - (-3 + 13))))
112
What is 85 + (22 - 27) - (2 - -10)?
68
What is (-3 - (-6 - -9)) + -1 + 14 - (-11 - -73)?
-55
Calculate 7648 - 7639 - (6 + -2 - -26).
-21
What is the value of (13 - -4) + (117 - 172)?
-38
What is 0 + 1 + (-139 - -135) + (-27 - -19)?
-11
Evaluate -1321 - -1351 - (23 + (0 - 2)) - 59.
-50
Evaluate 389 + -370 - (-20 + -2 - -3).
38
What is the value of (-6 - (-28 - -33)) + -10 - -19?
-2
(40 - 3) + 57 + -27
67
Evaluate (24 + -45 - -14) + 4 + (-1 - (-3 + -1)).
0
Evaluate 0 + (-14 + 32 + (7 - 47) - (2 - 5)).
-19
Calculate (-15 + 23 - 7 - 16) + -32 + -36.
-83
Calculate 83 + (36 + -24 - 29).
66
What is the value of (-17 + -78 - -145) + 17?
67
Calculate (54 - 0) + 226 + -300.
-20
What is (-40 - -11) + 21 - (0 - 2 - (-57 - 10))?
-73
Evaluate -21 - (0 + -1 + 0 - (-1627 + 1635)).
-12
((-2 - -6) + -7 - -6) + -1 - 46
-44
Calculate -52 + -43 - -98 - -4.
7
Calculate (10 + 14 + -7 - 19) + (75 - (-10 + 7)).
76
Evaluate (16 - 42) + 32 + (-6 - -23).
23
-1 - (-5 - 11 - (-4 - (14 + -7 + -1)))
5
Evaluate -53 - (45 + -3 + -49).
-46
Evaluate -27 - (-10 - (24 - -26) - -30).
3
What is -2 + 3 + (21 - (-3 + (7 - 9)))?
27
Evaluate (10 - -9) + 203 + -179.
43
13 + -9 - (4 + 1 + -7) - (-2 + 12)
-4
92 - (-78 - -66 - -70)
34
Evaluate (13 - 3 - (3 - 4 - -8)) + 38.
41
121 - ((11 - -2 - 14) + (-58 - -68))
112
Evaluate 21 - ((18 - -24) + (-6 - 25)).
10
19 + 97 + -146 + 4 + 1
-25
What is 24 + (10 + -1 - -3) - 9?
27
What is the value of (4 - 18) + 0 + 15 + -11 + 14?
4
What is the value of 13 + (0 + -125 - (-4 + 36 + (42 - 58)))?
-128
What is (-241 - (-384 - -163)) + (2 - 4) + 62?
40
What is the value of 35 + 7 + -13 + 2 + -16 + (116 - 3)?
128
What is 26 - (-9 + (38 - 57))?
54
Evaluate (4 - 3 - -43) + (7 - 19).
32
11 - (-21 + 32 + 19) - 18
-37
What is the value of (22 + -17 - 66) + -7 - -15 - -18?
-35
What is -38 + 59 + -21 - -29?
29
Evaluate -9 + (1 - -1 - (227 + -226)) - (-51 - 0).
43
Evaluate 17 - (16 + -19 + 17) - 30.
-27
What is (-75 - -22) + 18 + 21 - 80?
-94
What is -2 + -4 - -2 - (-3 + 2 - (-27 + 11))?
-19
Calculate 212 - (-141 + 122 + 95).
136
What is the value of -40 + (7 + -1 + -2 - (16 + (10 - 25)))?
-37
What is the value of -7 + -6 + 1 + 2 + -50 - (-40 - -35)?
-55
(-10 - -1) + -4 - (-18 - 2)
7
Calculate (346 - 384 - (1 + -2 + 1)) + 11 + 4.
-23
What is the value of 5 + 12 + (2 - (1 - -8)) - (-1 + 134)?
-123
What is 118 + (-104 - (55 + -110))?
69
Evaluate 78 + -93 - (2 - (6 + -9) - 6).
-14
What is the value of 21 + 5 - -3 - (6 - (0 + 6 - 7))?
22
Evaluate (-36 - -117) + -40 + (60 - 27).
74
What is the value of 29 - ((288 - 313) + (14 - -1))?
39
Calculate 1 - (27 - 2) - (-60 - -78).
-42
Evaluate -16 - (-44 - (1 + -28)).
1
What is (1 - (-29 - 2 - (-1 - -2))) + -3804 + 3794?
23
Calculate (1 - 2 - 20) + 16 + 1 + (-24 - -5).
-23
What is the value of 48 + -60 + 35 - (-33 - -3)?
53
-1 - ((23 - -8) + 4 - -17)
-53
1 + 1 + (-32 - 3) - (332 + -320)
-45
(7 - -26) + 3 + -1 - (-52 - -42)
45
What is the value of (-2 - 122) + 3559 + -3483?
-48
Evaluate -82 + 12 + -44 - -70.
-44
What is -23 - -1 - (-19 - (152 - 197))?
-48
Evaluate (3 + 2 - (-2 - 7)) + -17 - 53.
-56
What is the value of 1713 + -1763 + 86 + 3?
39
Calculate 8 + 5 + 11 + (1 + 1 + 3 - 19).
10
-35 + 4 - (-580 - -540)
9
(-58 - 2) + 0 + 47 + -74 + 0 + 29
-58
Evaluate 18 + 39 + -15 - (3 + 3 + 0 + 2).
34
Evaluate 26 + (21 + 8 - 12 - -2).
45
Calculate -3 - (-24 + 13 + 3 - 3).
8
Evaluate -345 + 369 + (-39 - -2) + (7 - 0).
-6
Calculate 137 - (107 - 45 - -19).
56
(50 - 37) + 2 - (-24 + -12)
51
Calculate (34 - (138 + -6)) + 76.
-22
Evaluate -47 + (12 - -47 - -25).
37
Evaluate 9 + -6 + -13 + (-1 - (-15 + 4)) + -24.
-24
What is 9 + (9 - -16) + (15 - 11) + 1?
39
-54 - (30 + -82) - (5 - (-2 + -1 + 0))
-10
What is 4 - -31 - (47 + 3 + -33)?
18
What is 6 + -1 + 2 - (-6179 + 6209)?
-23
Calculate -50 + -1 + (15 - -1 - (19 + 64 + -75)).
-43
Evaluate 32 + (0 + 4 - (-19 - -4 - 12 - -26)).
37
What is -5 + 1 - (10344 - 10340 - (0 + (30 - 1)))?
21
Calculate 161 + -70 + -39 + -22.
30
Calculate 60 - (7 + 1 + -659 + 672).
39
What is the value of -1 + (-33 - -37) - 2?
1
What is (-10 - -6) + (-776 - -718)?
-62
Evaluate -1572 - -1541 - (-63 + -5).
37
Calculate -18 - (49 - (61 + -27) - (4 + 44)).
15
35 + 60 + (95 - 165)
25
Evaluate -5 - -94 - (-17 + (-49 - -99)).
56
Calculate -21 - ((31 - 7) + 13 + -37 - 87).
66
What is (-56 - -56 - (-15 + -1)) + 218 + -171?
63
What is the value of (0 - 12) + 0 - (-8 - -7) - -26?
15
2 + -37 + (-16 - 0 - ((35 - -28) + -92))
-22
Evaluate 18 + (-33 - -29 - -22) + -36.
0
What is -91 + 68 - -25 - 54?
-52
What is the value of (-63 - (-75 - 15)) + 5?
32
2 + 3 + -223 + 228 + -5 + -2
3
Calculate 1142 + -1174 + (25 - 2) - (19 + 1 - -2).
-31
What is the value of 48 - ((1 - (-5 - 1)) + 130 + -115)?
26
Evaluate (-61 - -1) + (36 + -30 - 11) + (-1 - -4).
-62
What is (3548 - 3537) + (1 - -4)?
16
Evaluate -8 - 0 - -15 - (-12 - -18 - 0 - -5).
-4
What is the value of -2 + -9 + (4 - (14 + -20)) + (1 - 36)?
-36
Calculate -65 - (-68 + 47 - 93).
49
What is the value of 6 - 32 - (11 - (18 + 2 + -4) - -2)?
-23
What is -1 + 13 + -6 + (-119 - -104)?
-9
What is the value of (0 + -45 - 1) + (260 + 215 - 481)?
-52
-5 + -1 - ((-40 - -13) + 51)
-30
What is the value of -34 - (3 + -14) - (150 - 106)?
-67
Evaluate -2 + 6 + 18 + (-444 - -466).
44
(14 - 37 - -31) + 1 + 1 - -17
27
What is (-23 - -52) + -110 - -43?
-38
Calculate 16 + -4 + -11 + 6 + -10 - (10 + 0).
-13
What is (-30 - (18 - (-30 - -23))) + -14?
-69
What is 36 - (-2 + 21) - (1 + -4 - -10)?
10
Evaluate 200 + -132 - (-126 + 80).
114
What is the value of (80 - 86 - (0 + 11)) + 17 + -76?
-76
(-12 - 0) + (5405 - 5318)
75
Calculate -27 - -1 - (-17832 + 17794).
12
Evaluate 0 + (-2 - 7) - (-69 - 21).
81
Calculate 35 + (-19 - (-95 - -52)).
59
(2 - 138) + -2 + 121 + 13 + -129
-133
Evaluate 17 + 54 + -104 + 93.
60
(-77 - -74) + 2 + -2 - (51 - 3)
-51
Calculate -113 - -149 - (56 - 0).
-20
Calculate -5094 + 5205 + (-225 - 0).
-114
What is the value of 10 + -52 - (19 + -51 + 31)?
-41
What is the value of -61 + 28 + 72 + -43?
-4
4 - (25 + (-18 - 11) + 2) - -4
10
Calculate (0 + -3 - 56 - (115 - 129)) + -1 + -4.
-50
18 + (-22 + 66 - 27)
35
What is the value of -11 + -1 + 2 - (-67 + (-25 - -63) + 39)?
-20
Calculate -120 - (